-42 - -46. Suppose 0 = -n*x + 4, -4*x - 94 = -2*p. What are the prime factors of p?
7
What are the prime factors of 4076/2 + (9 - 8)/(-1)?
3, 7, 97
Let t = 2 + 1. Suppose 3*y + 45 = 3*m, t*m + 4*y - 16 = 36. Suppose -g = -i + 16, -2*i - i - 5*g = -m. List the prime factors of i.
2, 3
Let k be 117/(-18) - (-2)/4. Let g(d) = -34*d + 23. List the prime factors of g(k).
227
Let f be (-2)/(2 - 4) + -1. Let v be ((16/10)/(-1))/((-38)/95). Suppose f = -5*c - 2*b + 174, -135 = -v*c - 4*b + b. What are the prime factors of c?
2, 3
Suppose 29 = 4*q - q - 5*u, 22 = 2*q - 4*u. Suppose q*a - a = 140. What are the prime factors of a?
2, 5, 7
Suppose -2*g + 5*t + 6 = 0, -3*g = -0*g - 2*t - 9. Suppose a - 4*a + 4*r = -148, 0 = -3*a - g*r + 120. What are the prime factors of a?
2, 11
Suppose 0 = -5*q - 1186 - 1409. What are the prime factors of 1/((18/q)/(-6))?
173
Let b = 2487 - 50. What are the prime factors of b?
2437
Suppose 3*g - 35 = 8*g. Let w = 10 + g. Suppose o + w*x = -0*o + 70, 4*o - 5*x = 229. What are the prime factors of o?
61
What are the prime factors of ((-1404)/(-5))/(2 + (-27)/15)?
2, 3, 13
Let n(l) = 9*l. Suppose s = 5*c - 21, 3*s - 2*s + 3*c = 19. Let u = s - 2. What are the prime factors of n(u)?
2, 3
Let q(f) = -432*f - 1370. List the prime factors of q(-11).
2, 19, 89
Let c(d) be the second derivative of 7*d**3/6 - 5*d**2/2 - 4*d. Suppose -3*g + 5*s = 13, 1 = -g - 0*g + s. List the prime factors of c(g).
23
Let r(v) = 14*v**2 - 2. Let x(u) = -3*u - 1. Let o(z) = 4*z + 1. Let f(m) = -4*o(m) - 5*x(m). Let c(k) = 4*f(k) + r(k). List the prime factors of c(2).
2, 5
Let c be ((-14)/28)/(-2 - (-217)/108). Let i = c - -97. What are the prime factors of i?
43
List the prime factors of (-11220)/99*(34/(-4) - -1).
2, 5, 17
List the prime factors of (-1097024)/(-732)*((-2)/(-4) - -1).
2, 281
List the prime factors of 160/(-26) + (-2)/(-13) + 1054.
2, 131
What are the prime factors of 55/2*(-7 + (-205)/(-25))?
3, 11
What are the prime factors of 104 + (-1)/(4 - (-12)/(-4))?
103
Let u(l) = -15*l + 4. Let q be u(-4). Let m be (-8)/(-6) - q/3. Let h = m + 49. What are the prime factors of h?
29
Let z = -15 + 7. Let b = -8 - z. Suppose 2*w - 4*w + 54 = b. List the prime factors of w.
3
Let v = 12 - 9. Let z = -1 + v. Suppose 3*r + 3*u + 3 = 0, -z*r + 0*u = u - 2. List the prime factors of r.
3
Let v(j) = -j**2 - j + 1. Let c(u) = -2*u. Let f(m) = -c(m) - v(m). List the prime factors of f(7).
3, 23
Let c(f) = -5*f + 7*f**2 + 31*f - 9 + 37 - 8*f**2. What are the prime factors of c(23)?
97
Suppose b = 5*z + 15, 0 = -2*b + 3*z + 2*z + 35. Let q be 4*-2*(-5)/b. Suppose -3*m - 114 = -5*m - 4*k, -q*m - 2*k = -106. What are the prime factors of m?
7
Suppose f = -4*f + 5*b - 250, -b = 5. List the prime factors of (-11)/f + 309/5.
2, 31
Let k = 732 - 505. What are the prime factors of k?
227
Let g(s) be the first derivative of -s**2 + 9*s + 10. List the prime factors of g(-13).
5, 7
Suppose -3*h - 41 = -4*z, 4*h + 3 = -4*z - z. Let a(k) = -21*k - 4. What are the prime factors of a(h)?
11, 13
Suppose 3*q = 4*v - 0*v + 1859, 0 = -5*q + 2*v + 3117. List the prime factors of q.
5
Let m(i) = -i**3 + 18*i**2 + 3*i - 5. Let u be m(18). Let n = 73 + u. What are the prime factors of n?
2, 61
Suppose 4*l - 2*f - 1243 = -f, f - 1 = 0. List the prime factors of l.
311
Let f = -51 + 53. Suppose -f*h + h - 60 = -k, 5*k - 306 = 2*h. What are the prime factors of k?
2, 31
What are the prime factors of 139*2*(-5)/(-2)?
5, 139
Suppose 132730 = -17*b + 82*b. List the prime factors of b.
2, 1021
Suppose 3*w - 1237 = -4*a, 4*w - a - 1924 + 262 = 0. List the prime factors of w.
5, 83
Let q = 1123 - 724. List the prime factors of q.
3, 7, 19
Let r = 16 - 6. Suppose 15*v - r*v = 170. Suppose -b + v = -2*g, 66 = 3*b - 0*g + 3*g. List the prime factors of b.
2, 13
Let i = 126 - 126. What are the prime factors of -9 + 4 + (101 - i)?
2, 3
Let y(k) = -66*k - 2. Suppose -14*f + 5 = -19*f. What are the prime factors of y(f)?
2
Let w = -3338 - -5902. What are the prime factors of w?
2, 641
Let r(o) = -12*o + 4. Let z be r(-1). Suppose z*k - 468 = 10*k. List the prime factors of k.
2, 3, 13
Suppose 4*d = 2*q - 170 - 766, 2*d = 4*q - 1890. What are the prime factors of q?
2, 3, 79
Let p = -50 - -41. Let v(w) = w + 30. Let n be v(p). What are the prime factors of 6/n + (-2093)/(-49)?
43
Let t = 185 - 14. What are the prime factors of t?
3, 19
Let v be (-1 - 0)*(1 - 1). Suppose 5*m - 6*m = v. Suppose o = -3*k + 48, -3*o + m*o = 2*k - 32. List the prime factors of k.
2
Let y(g) be the first derivative of -g**4/4 - 2*g**3/3 + g**2/2 - 8. Let p be y(1). What are the prime factors of p/(-7) + (-2632)/(-49)?
2, 3
Suppose 5*u = -4*i - 1 + 11, -4*u = -2*i - 34. Suppose 4*y + 5*m - 968 = 0, -10*m + 726 = 3*y - 5*m. Suppose -u*q + y + 4 = 0. What are the prime factors of q?
41
Suppose -5*l + 33 = -5*k - 27, 5*l + 10 = 0. Let q = 27 + k. What are the prime factors of q?
13
Let r(c) = 2*c**2 + 9*c + 12. Let t(g) = -g**2 - 3*g - 2. Let m be 5/((-45)/12)*3. Let p be t(m). What are the prime factors of r(p)?
2, 3, 5
Suppose 0 = 2*f - 4*o - 18, -1 = 3*f + 4*o + 2. Suppose 5*i = f*v - v + 966, 0 = 2*i + 5*v - 398. List the prime factors of i/10 + 3/5.
2, 5
Suppose -5 = 3*v - 11, 2*v = q + 6. What are the prime factors of (54/7)/(q/(-14))?
2, 3
Let s be 3/((-2)/5*(-120)/32). Suppose s = 2*k - 30. What are the prime factors of k?
2
Let n(j) = -j**2 - 2*j - 2. Let v be n(-6). Let a = v + 26. Suppose -5*m + 222 + 78 = a. List the prime factors of m.
2, 3, 5
Let v(w) = w - 6*w - 9 + w. Suppose 48 - 18 = -5*s. What are the prime factors of v(s)?
3, 5
Suppose -37646 = -12*z - 2*z. What are the prime factors of z?
2689
Suppose 2*v = -2*k - 2*v + 56, -5*k + 2*v = -92. Let j = -18 + k. Suppose 0 = -j*h + 59 + 43. What are the prime factors of h?
3, 17
Let d = -233 - -391. Let w = -44 + d. List the prime factors of w.
2, 3, 19
Let a(q) = 6*q - 28. Let f be a(8). Let m = f - -89. List the prime factors of m.
109
Suppose -372 = -22*v + 20*v. Let m = v - 123. List the prime factors of m.
3, 7
Suppose 4*p = -3*h + 2812 + 2660, -p - 4*h = -1355. List the prime factors of p.
3, 457
Suppose 11 = 2*c + 1. Suppose -g - c = -3*t, -g - 3 = -4*t + 2*t. Suppose t*q + 25 = 7*q. List the prime factors of q.
5
Suppose 2*s + q - 1969 = 0, -2*q - 421 = -s + 561. What are the prime factors of s?
2, 3, 41
Let v = -484 - -959. List the prime factors of v.
5, 19
Let i = -242 - -522. List the prime factors of i.
2, 5, 7
Suppose 27 = 5*w + d, -3*w - 1 = 5*d - 4. What are the prime factors of ((-4626)/27)/((-4)/w)?
257
Let b = 823 - 442. List the prime factors of b.
3, 127
Suppose -16*s + 5307 = -133. What are the prime factors of s?
2, 5, 17
Suppose -3*u - 18 = -3. Let i(h) = -2*h**3 - 6*h**2 + 4*h - 10. List the prime factors of i(u).
2, 5, 7
Let o(d) = 80*d**2 - 2*d + 2. Let k be o(1). List the prime factors of (64/k)/((-2)/(-145)).
2, 29
Suppose 2*n - 5*m + 36 = -7, 3*m = 5*n + 136. Suppose o + 4*z = -o - 20, 2*o - 3*z = -20. Let r = o - n. What are the prime factors of r?
19
Suppose 26*t + 21894 = 32*t. List the prime factors of t.
41, 89
Let y(m) = 38*m**3 + m**2 - 2*m + 1. Let b be y(1). Suppose d - b = 3*g - 4*g, -d = 4*g - 26. Let s = 72 - d. List the prime factors of s.
2, 3, 5
Let z(p) = -p**3 - 2*p**2 + 2. Let u be z(-2). Let i(d) = -1072*d**2 - 3*d + 2. Let g be i(u). List the prime factors of (-6)/51 - g/68.
3, 7
Suppose 0 = l + o - 15, -2*l - o + 42 = 12. Suppose 3*j - 194 = -4*c, 6*c = 9*c - l. List the prime factors of j.
2, 29
Suppose 4*g - n = 2975, -3*n = g + 2*g - 2235. What are the prime factors of g?
2, 3, 31
Let f(t) be the second derivative of -4*t + 1/4*t**4 + 0*t**3 + 0 + 3/2*t**2. List the prime factors of f(-3).
2, 3, 5
Let g(r) = r**3 - 8*r**2 - 42*r + 74. What are the prime factors of g(17)?
37, 53
Let b(z) = -6*z**3 + z**2 + 19*z - 37. What are the prime factors of b(-6)?
1181
Suppose 0*h - 22 = h. Let q = -22 + h. Let u = q - -90. What are the prime factors of u?
2, 23
Let m(z) be the second derivative of -z**4/8 + 11*z**3/6 + 3*z**2 + 6*z. Let y(l) be the first derivative of m(l). List the prime factors of y(-9).
2, 19
Suppose 4*d = 2*d - 32. Let p = -1 + d. Let a = p + 34. List the prime factors of a.
17
Supp